ivided by o?
27
Let i be 3/((-339)/348 + 1). Suppose -102 = -i*k + 114*k. Let s(c) = -13*c. What is the remainder when k is divided by s(-2)?
25
Let a(f) = -f**3 - 17*f**2 + f - 11. Let z be a(-21). What is the remainder when (15/4)/(z/288 - 6) is divided by 21?
18
Suppose 0 = -8*a + 103 + 113. Suppose -22*u - 15 = -a*u. Suppose 13*y - u*j = 11*y + 279, 5*y - 700 = 5*j. What is the remainder when y is divided by 9?
6
Let t(v) = 4*v**2 - 3*v - 2. What is the remainder when 15/(90/(-3570)*(-49)/21) is divided by t(5)?
6
Let v = -3826 + 3858. What is the remainder when 12831 is divided by v?
31
Let i(y) = -437*y**2 + 4*y + 3. Let w be i(-1). Let x be (-2)/(-4) + w/(-12). Let t = 38 - x. What is the remainder when 1 is divided by t?
0
Calculate the remainder when 7398 is divided by (-1 + (-16)/(-4)*(-1 + 3))*1.
6
Let j = -387 + 455. Suppose 68 = 4*l + 2*x - 3*x, -5*l + j = 3*x. Calculate the remainder when 701 is divided by l.
13
Let n be 1 + -4 - (-1 + -10). Let y be (690/(-40))/(3/n). Let l = y + 66. What is the remainder when 59 is divided by l?
19
Suppose -7*x + 36 = 15. Let w(q) = 48*q + 9*q**2 + 9 - 2*q**2 - 46*q - q**x. What is the remainder when 66 is divided by w(7)?
20
Let o(g) be the first derivative of -4*g**2 - 149*g - 19. Let w(b) = -3*b - 50. Let n(u) = 2*o(u) - 7*w(u). Calculate the remainder when 21 is divided by n(-8).
9
Let l(h) = -16*h + 907. Calculate the remainder when l(54) is divided by 15.
13
Let f(p) = 2*p**3 - 22*p**2 + 26*p - 24. Let v = 509 + -499. What is the remainder when 100 is divided by f(v)?
28
Let j(a) = 6*a + 16*a + 4*a - 3 + 4. What is the remainder when 0 + 60 - 56/4 is divided by j(1)?
19
Let f(j) = j**2 + 6*j + 8. Suppose 2*t - 4*i + 10 = -2*i, -14 = 3*t - 4*i. Let a be f(t). Let z = 21 - a. What is the remainder when 47 is divided by z?
8
What is the remainder when (3/(-33))/(1/(-2)) + (-26832)/(-44) is divided by 125?
110
Suppose 0 = -3*r - 4*h + 67 + 204, 4*r - 366 = -3*h. What is the remainder when 182 is divided by r?
89
Suppose -i - 3 = 0, 15*i - 16 = -5*g + 12*i. Suppose t = -t - g*d + 65, 3*d = -3*t + 93. Calculate the remainder when 173 is divided by t.
23
Suppose -z + 2*z - 39 = 0. Let c(s) = -s**2 + 8*s + 8. Let v = 43 + -35. Calculate the remainder when z is divided by c(v).
7
Let p(d) = -d**3 - 4*d**2 + 6*d + 8. Let t be p(-6). Suppose t*h - 18 = 46*h. Calculate the remainder when 43 is divided by (-99)/(-6)*(-6)/h.
10
Let q be (20/(-60))/((-1)/132). Suppose 39 = -f + q. Suppose -f*z + 19 = -41. What is the remainder when 66 is divided by z?
6
Let u = -4618 + 8775. Calculate the remainder when u is divided by 42.
41
Let s(w) = -w - 12. Let o be s(0). Let m be ((-45)/o)/15 - 321/4. Let a = m + 89. What is the remainder when 42 is divided by a?
6
Suppose 5*u + 5*u = 50. Suppose -v - 903 = -4*k - 318, k - 132 = u*v. Let j = -69 + k. What is the remainder when j is divided by 16?
14
What is the remainder when 356 is divided by -1 + (8 - (-8)/(6 - 10))?
1
Suppose 3*i = 2*h - 7*h - 470, -5*i + 3*h - 772 = 0. Let y = -84 - i. What is the remainder when y is divided by 12?
11
Suppose w = -3*n + 27, -74 = -5*w + 2*n + 95. Let g(u) = -56*u + 6. Let k be g(-4). Let c = k + -67. Calculate the remainder when c is divided by w.
31
Suppose -413*s + 396*s = -67252. What is the remainder when s is divided by 18?
14
Let f(s) = 8*s**3 + s + 2. Let x be f(-1). Let w(a) = 2*a**2 + 15*a + 9. Calculate the remainder when 63 is divided by w(x).
1
Suppose -19*f + 10*f = -1098. Calculate the remainder when (3 + -2)*f/(1/1) is divided by 18.
14
Let d(a) = a**2 - 50*a + 681. What is the remainder when 2921 is divided by d(24)?
14
Suppose 21*l + 546 - 2385 = 219. What is the remainder when 579 is divided by l?
89
Suppose 12402 - 954 = 477*g. Suppose -3*p = -118 - 83. Calculate the remainder when p is divided by g.
19
What is the remainder when 1412 is divided by ((-7472)/(-4))/(-4)*-2*2/4?
11
Suppose 0 = -0*p + 2*p. What is the remainder when ((-639)/(-3) - 0) + p is divided by -135 + 140 + 49*1?
51
Let o(j) = -29*j**3 + j + 1. Let a be o(-1). Let f = -15 + a. Suppose 0 = q + 3*i - 56, -i = 5*q + 4*i - 320. Calculate the remainder when q is divided by f.
12
Let a(g) = g**3 - 9*g**2 - 10*g - 5. Let t be a(10). Let u be t + 9 - 20/5. Suppose -5*q - q + 30 = u. What is the remainder when 13 is divided by q?
3
Suppose -14 - 16 = -5*f + x, 0 = -3*f - 5*x - 10. Let z(p) = 28*p + 34. Calculate the remainder when z(f) is divided by 8.
6
Let s = -2657 - -3252. What is the remainder when s is divided by 153?
136
What is the remainder when 22 + (11 - (-6 - 240)) is divided by 62?
31
Let b be -4*3/(-48) - (-19)/4. Suppose -b*j = 5*r - 4*r - 26, 0 = -3*r + j + 14. Suppose r*v + 161 = 707. Calculate the remainder when v is divided by 24.
19
Let t(q) = 142*q + 1224. What is the remainder when t(22) is divided by 25?
23
Calculate the remainder when 3*60/36 - -307 is divided by 72.
24
Let i(y) = -9*y**3 + 14*y - 28. Let a be i(2). Let f = 65 - a. Calculate the remainder when f is divided by 28.
25
Suppose -6*j + 10*j = 20. Let m(p) = p**2 - 3*p - 4. Let y be m(j). Let q(t) = 2*t**2 - 7*t + 7. What is the remainder when q(y) is divided by 14?
9
Let v be (0/(-1) - -1)*102/(-34). What is the remainder when 71 is divided by (-80 + 4)/(v + 1)?
33
Let f = 73 + -34. Let a = f + -37. Suppose -94 = -4*x + x + a*j, -3*x + j + 92 = 0. What is the remainder when x is divided by 8?
6
Let b = -3357 + 3445. What is the remainder when b is divided by 2/3 + 104/6?
16
Suppose 3*w + 22 = 22. Suppose -17*z + 22*z = k + 355, -2*z + k + 145 = w. Calculate the remainder when z is divided by 24.
22
Let d(p) = -42 - 21*p - 264 + 12*p - p**2 - 60 - 45*p. Let n(b) = -b**3 + 4*b**2 + 2*b - 6. Calculate the remainder when d(-8) is divided by n(4).
0
Let c = -36 - -39. Suppose -2*l - u = l - 43, 0 = 5*l - c*u - 53. Let f = l - 7. What is the remainder when 22 is divided by f?
4
Let z(f) = -10*f - 5*f**2 + 3 - f**3 + 0 + 7*f - f**3. Suppose -3*d + 180 = 4*p, 0 = 4*d + 4*p - 114 - 122. Calculate the remainder when d is divided by z(-3).
14
Let j = -7278 - -7306. Calculate the remainder when 382 is divided by j.
18
Let c be -4*1/(-3)*(-3723)/(-34). Calculate the remainder when 6 + (4 + -3)*c is divided by 23.
14
Let i(u) = -19*u**2 + 4*u + 9. Let b be i(-3). Let q = -162 - b. What is the remainder when 71 is divided by q?
11
What is the remainder when 374130/306 - (-60)/170 is divided by 76?
7
Let q(m) = -23*m - 2. What is the remainder when 105 is divided by q(-4)?
15
Suppose 39*b - 14 = 32*b. Suppose -b = q - 6. Suppose 5*r = k + 3*k + 26, 0 = 3*r + 3*k + 6. What is the remainder when q is divided by r?
0
Let w(m) = -3*m - 4. Let t be w(-2). Suppose -t*d + 150 = 2*p, -2*d - 2*d + 316 = -4*p. Calculate the remainder when 7*((-52)/(-77) - (-14)/d) is divided by 2.
0
Let k(g) = 57*g**2 + g - 1. Let c be k(-1). Suppose -4*v + c = 3*a - 3*v, 2*a + 4*v - 30 = 0. What is the remainder when 73 is divided by a?
16
Let r = -10 + 17. Let a = 66 - r. What is the remainder when a is divided by (-67818)/(-2670) - (-3)/5?
7
Let o = 41 - 29. Let f be -3*((-16)/o)/(-4) + 35. Let d = 46 - f. Calculate the remainder when 23 is divided by d.
11
Suppose 4*q - 112 = -2*y, 7*y = 2*y - q + 235. Let p = -63 - -92. Calculate the remainder when y is divided by p.
17
Let t(b) = -123*b + 970. Calculate the remainder when 512 is divided by t(7).
76
Suppose -z = 4*i - 3812, -6982 = -2*z + 4*i + 630. Calculate the remainder when z is divided by 1902.
4
Let j(h) = 6*h**2 + 527*h - 70. What is the remainder when 169 is divided by j(-88)?
7
Suppose 4*y - 3*v = 2827, -21*v = -25*v - 4. Calculate the remainder when y is divided by 16.
2
Suppose 73 = 5*v - 3*v + 3*c, 5 = c. Calculate the remainder when -3 + 30/(-35)*(2 - 128) is divided by v.
18
Let w = -994 - -1530. What is the remainder when w is divided by 36?
32
Let v(j) = 3*j + 29. Let m = -58 + 56. What is the remainder when 91 is divided by v(m)?
22
Suppose 5*a - 2525 - 135 = 0. Let o = a - 267. Calculate the remainder when o is divided by 38.
37
Let z(v) = -2*v**3 - 38*v**2 - 2*v - 23. Suppose 0*i - 31 = i + 3*b, b = -3*i - 61. Calculate the remainder when 41 is divided by z(i).
11
Let g be (100/7)/(1 + (-15)/21). Let v = g - 21. What is the r